me number?
True
Let o(a) = -22*a + 15. Let d be o(6). Let v = 266 + d. Is v a composite number?
False
Let i = 13459 - -21472. Is i prime?
False
Is ((-43498)/14)/((-1)/(-2)*-2) prime?
False
Suppose -3*o - 4*b = -5953, 0*o + 4*b = -5*o + 9927. Is o a composite number?
False
Suppose -3*n = -3*r + 7881, 5*n - 14044 = -5*r - 909. Is r prime?
False
Suppose -232 = 7*g - 5*g. Let k = g - -369. Is k a prime number?
False
Let o = 5660 - 1371. Is o prime?
True
Let x = -76 - -212. Let r = 537 - x. Is r composite?
False
Let r = -14 - -87. Let q = 238 - 320. Let p = r - q. Is p prime?
False
Suppose 2*w - 5905 = 2005. Is (-8)/(-10) + w/25 prime?
False
Suppose 2*t = 5*l + 11374, -t + 4223 = 2*l - 1446. Is t composite?
True
Let n be (-33)/(-8) - 6/48. Let i = -2 - -5. Suppose 0*f = f + i, n*f = -y + 2. Is y a prime number?
False
Suppose -f + 1733 = -1674. Is f a prime number?
True
Let u = -4440 + 470. Let r = 7299 + u. Is r composite?
False
Let p = 55 - 50. Suppose -1258 = -i + 5*q + 643, 0 = -i - p*q + 1941. Is i prime?
False
Let o = -9608 + 15274. Is o a prime number?
False
Suppose 0 = b + 4, -5*n + 15797 + 7852 = -b. Is n composite?
False
Let s = -72 + 79. Is 246 + ((-3)/(-2))/(s/14) prime?
False
Suppose -3 = h, 0*h + 37223 = o - 4*h. Is o a prime number?
False
Let h(s) = 2*s**3 + s**2 - s - 1. Let l be -3 - -2 - (2 + -8). Suppose 5*m + 3*t + 24 = 8*m, -l*m = -2*t - 25. Is h(m) a composite number?
False
Let n(k) = 51*k**2 + 3*k + 2. Let l be n(6). Suppose x - 6*x + a = -l, 5*a + 376 = x. Is x composite?
True
Let c be (-20)/(-4) + 12/(-4). Suppose 4*m + c*m = 2622. Let t = m - 260. Is t a composite number?
True
Suppose 3*s = -0*s. Let a(b) = -b + 1525. Let m be a(s). Suppose 0 = 2*g - m + 363. Is g composite?
True
Let j be ((-116)/(-3))/(6/18). Let g = j + 405. Is g prime?
True
Let z(q) = q**2 + 6*q + 4. Let w be z(-5). Is 417 + 28 + 1 + w a prime number?
False
Is 6/(-6) + 12/(-3) + 3984 composite?
True
Let o(z) = -z**3 - 17*z**2 - 17*z - 16. Let u be o(-16). Suppose -5*f - 601 = -3*r, u = -4*f + 6 + 10. Suppose -5*a + 813 = -2*x, 4*x + r = a + 48. Is a prime?
True
Let p(v) be the first derivative of 49*v**2/2 + 19*v + 1. Let t(c) = c**3 - 24*c**2 + 63*c + 10. Let n be t(3). Is p(n) composite?
False
Is 1/(4 - (-5901)/(-1477)) composite?
False
Let a(f) = -f. Let i be a(-10). Let x be 60/9*(-12)/i. Let g(w) = -36*w - 1. Is g(x) prime?
False
Let g = -38 - 32. Let l = g - -219. Is l composite?
False
Let o(k) = 8725*k - 8. Is o(1) prime?
False
Let q(v) = -11*v**3 - 5*v**2 - 50*v - 43. Is q(-11) a composite number?
False
Let r(s) = -s**3 - 5*s**2 + 6*s. Let i(f) = 5*f**3 + 20*f**2 - 23*f - 1. Let h(n) = 2*i(n) + 9*r(n). Let j be h(8). Suppose 21 = -c + j. Is c composite?
False
Let f(c) = -6155*c - 7. Let d(u) = 1. Let n(s) = -4*d(s) - f(s). Let r be n(2). Suppose -6*t + r = t. Is t a prime number?
True
Let z be (2/(-5))/(2/(-130)). Let w = 18 - z. Is -21*-3*w/(-36) a prime number?
False
Suppose 21*u - 24*u = 0. Suppose u = -5*p - 1 - 4. Is (-12)/(-4) + 49 - p a prime number?
True
Let l(b) = 7*b**3 - 3*b**2 - 10*b + 43. Is l(5) a composite number?
True
Let z(l) = -24*l**3 + 3*l**2 + 17*l - 11. Is z(-6) a composite number?
False
Let h(b) = -b + 1. Let m(r) = 32*r - 7. Suppose 5*c + 7 = 3*t - 2*t, 5*c - 5 = -5*t. Let l(i) = c*m(i) - 2*h(i). Is l(-11) prime?
False
Is ((405/(-18))/15)/(3/(-12286)) a composite number?
False
Suppose -c = -4*m - 8573, 5*m + 2865 = -c + 11411. Is c a composite number?
True
Suppose 2*z - 231 = -z - 2*u, -4*z + 308 = -u. Is z prime?
False
Let o(x) = x + 10. Let d be o(-3). Suppose 2*i - 5837 = -j, 5*i + d*j - 14585 = 3*j. Is i composite?
True
Let j = -2112 - -3263. Is j a composite number?
False
Suppose -4*i = -2*v + 94902 + 76948, 0 = -4*i - 20. Is v a prime number?
False
Let a = 3 - 10. Let c(g) = 14 + 450*g + 1 + 6*g**2 + 0*g**2 - 458*g. Is c(a) a composite number?
True
Let o(j) = 75*j**3 + 6*j**2 - 18*j + 37. Is o(4) prime?
True
Is (-99)/99*(0 + -16429) a composite number?
True
Suppose -3*n + 600 = 3*r, 4*r - 3*n - 876 = -41. Suppose -182 = -g + r. Let s = g - 228. Is s composite?
True
Is (685518/18 + 2)*9/3 composite?
False
Let f be 1 + 3 - (-1 + -1105). Let t = -481 + f. Is t prime?
False
Let q(n) = 8*n + 45. Let t be (46/5)/((-2)/(-5)) - 1. Is q(t) a prime number?
False
Let f be (5 + -2 + 0)/((-5)/130). Suppose p + 314 = 109. Let i = f - p. Is i a prime number?
True
Let c(m) = -58*m - 14. Let o be c(-8). Suppose 6*d - o = 624. Is d composite?
False
Suppose -5*y + 2*y = 4*v - 3681, -2797 = -3*v + 5*y. Suppose -437 = -i + v. Is i a composite number?
False
Let f = -5207 + 12490. Is f a prime number?
True
Suppose 3*y - 1 = 2. Is 19/y*348/12 composite?
True
Suppose 4*p - 88 = 3*p. Suppose b = 3*b - p. Suppose 16 = -4*x + b. Is x composite?
False
Let n(o) = o**3 + 7*o**2 - 11*o + 3. Let j be n(-7). Is (4/(j/(-18485)))/((-1)/4) a composite number?
False
Let a be -3*1*5/(-5). Suppose -a*u = -i - 7*u + 316, -1652 = -5*i + 4*u. Let q = i + -77. Is q a composite number?
False
Let s be ((-20)/25)/((-1)/35). Let x = 34 - s. Is x/3*39/2 composite?
True
Let q(v) = -74*v + 7. Suppose p + 2*p = 3*j + 6, -3*p = -2*j - 6. Suppose 4*w - 3 = -p*a - 29, 5*a = -2*w - 25. Is q(w) a prime number?
False
Let m(s) = -s**3 + 25*s**2 - 64*s + 83. Is m(16) a prime number?
False
Let w(c) = c**3 - 23*c**2 + 30*c + 53. Is w(25) prime?
True
Suppose n = -1423 + 6527. Suppose 5*k - n + 1163 = 2*l, l = k - 787. Is k a composite number?
True
Let o = -4 - -8. Let r(q) = -q**3 + 3*q**2 + 3*q + 2. Let v(d) = 2*d**3 - 5*d**2 - 6*d - 3. Let w(k) = 5*r(k) + 3*v(k). Is w(o) composite?
False
Let j(n) = -n**2 - 6*n + 1. Let o be j(-6). Let a be (-7)/14*o*2. Is (2 - a)*(-403)/(-39) composite?
False
Suppose -85162 - 24064 = -26*q. Is q a prime number?
True
Is 42551 + (6 + -16 - -22) a composite number?
True
Let x be 6/21 + (-5956)/(-28). Let n = x - -41. Suppose -2*o = n - 762. Is o a prime number?
False
Let m = -33 + 54. Is ((-578)/(-4))/(m/42) composite?
True
Let b be (-5)/(-3 + 14/4). Is (-8)/(-10) - 8862/b a prime number?
True
Let r(p) = 25104*p**2 - 5*p - 6. Is r(-1) a prime number?
False
Suppose -90 = -p - 88. Suppose -4*g - 4*o = -2332, 0*g + 5*o = -p*g + 1154. Is g a composite number?
False
Let a(l) = 731*l**2 + 2*l + 1. Is a(-2) composite?
True
Let s = -14 - -14. Suppose s = 5*r - 6*r + 76. Suppose 3*p + f - r = 2*f, -2*f - 100 = -4*p. Is p composite?
True
Let x = 9 + -7. Let u(g) = 57*g**2 - 2. Let n be u(x). Is (-1 + 12/8)*n a prime number?
True
Suppose -t + 2937 = 4*z, -1488 = -4*z + 4*t + 1444. Is z composite?
True
Let i = -879 - -1539. Suppose 2*y - s = i - 21, y + s - 318 = 0. Is y prime?
False
Let p = 1 - -1. Suppose 2*u + 377 = p*h - u, -4*h + 747 = u. Let q = -30 + h. Is q a prime number?
True
Suppose 4*i - 4460 = -i. Suppose 3*b = -b + i. Is b prime?
True
Let z = -26 + 30. Is (4/(-6))/(z/(-678)) a composite number?
False
Let b = -1321 + 7302. Is b a composite number?
False
Suppose -2*k - 21*k + 195523 = 0. Is k a composite number?
False
Let q = -13 + 65. Let v = 32 - q. Is (17 + v)/((-6)/1030) a composite number?
True
Let g(i) = i**3 - 11*i**2 - 13*i + 14. Let f be g(11). Let y = -76 - f. Is y prime?
True
Suppose 5*s = -5*j, s + 25 = 3*s - 3*j. Let l(y) = -y**2 + 6*y - 7. Let n be l(s). Is (-2 + 0 + -28)/n composite?
True
Let t(f) = -f + 2002. Let v be t(0). Suppose -b + v = -3*b. Let n = b - -1746. Is n prime?
False
Suppose l - 5*l = -2*q + 10, q - 5 = l. Suppose 0 = -q*b - 15. Let d(t) = -32*t + 1. Is d(b) composite?
False
Let p be 16/(1 - -3) - -835. Let w = p - 477. Is w a composite number?
True
Let k(g) = 5*g + 19. Let c(b) = 4*b + 18. Let l(q) = 6*c(q) - 5*k(q). Suppose 19 = 3*d - 11. Is l(d) a prime number?
True
Let d(j) = 7*j**2 + 2*j + 6. Let h be d(-5). Let z = h + 25. Let l = z + -87. Is l prime?
True
Let q = 959 + -468. Is q a prime number?
True
Let d = 48 - 46. Suppose d*c + 1802 - 5908 = 0. Is c a composite number?
False
Suppose -20 = 5*y, -100*u + 102*u - 5*y - 388378 = 0. Is u composite?
False
Let n(r) = 4*r**2 + 8*r + 42. Let h be n(26). Let u = h + 3633. Is u composite?
True
Let g = -1472 - -2191. Is g a prime number?
True
Let i(v) = v**3 + 5*v**2 - 5*v - 7. Let g be i(-5). Suppose 14*r = g*r - 8. Is r prime?
True
Suppose 0 = 5*n + 5*b + 10, 